10101010100111 (base 2) to base 8
45065247
261bb (base 15) to base 6
2340205
What is 11100101110111010101 (base 2) in base 3?
1202211112022
1c834 (base 14) to base 5
4313313
Convert 1062653 (base 9) to base 16.
8bd7f
Convert -236564042 (base 7) to base 14.
-1d75a92
14b7aa (base 14) to base 2
10110000100011111010
Convert -100010100101001100100 (base 2) to base 3.
-2010120101202
What is -619dd6 (base 16) in base 11?
-367a507
Convert 20241430 (base 5) to base 9.
271600
What is -1490f (base 16) in base 11?
-58321
Convert 142507 (base 10) to base 16.
22cab
Convert -11b6187 (base 14) to base 10.
-8506715
Convert -32380 (base 16) to base 6.
-4224144
What is 1012201222 (base 4) in base 5?
33220444
Convert 113210110 (base 4) to base 12.
47a44
What is -1001673 (base 8) in base 5?
-31404344
What is 101010010000111110 (base 2) in base 3?
22210110210
Convert 127d (base 15) to base 7.
14332
Convert -1000111010010101101 (base 2) to base 3.
-112211120022
Convert -8697 (base 11) to base 6.
-125052
Convert -31d71 (base 14) to base 11.
-82702
-22054 (base 14) to base 13
-2b670
Convert ac99b (base 16) to base 4.
2230212123
Convert 310133311 (base 4) to base 12.
a4531
What is -111041014 (base 5) in base 3?
-220202001101
Convert -30013010 (base 5) to base 3.
-102221212210
Convert 6009a3 (base 12) to base 4.
11230312023
What is -4531a (base 14) in base 3?
-22112110002
What is 1614060 (base 9) in base 2?
11011010100100100010
Convert -c569a (base 13) to base 3.
-200000202220
What is 2116075 (base 8) in base 13?
169ac7
59b27 (base 13) to base 4
220021312
Convert 60447 (base 11) to base 12.
43191
Convert 1b8230 (base 12) to base 15.
9a786
Convert 7601212 (base 9) to base 10.
4075283
-4263225 (base 9) to base 15
-302335
Convert 1694012 (base 12) to base 14.
898b5c
What is -17dc84 (base 14) in base 8?
-3162114
Convert 2505461 (base 7) to base 9.
538645
What is 1bc0ed (base 16) in base 8?
6740355
Convert -116677 (base 12) to base 9.
-467271
Convert -200211100120 (base 3) to base 15.
-74c10
b0762 (base 12) to base 3
102122101002
What is 5842a (base 12) in base 5?
12234424
-402860 (base 9) to base 6
-5035300
What is 5520054 (base 6) in base 3?
111221221021
What is -45556535 (base 7) in base 4?
-33023313302
-130a024 (base 11) to base 5
-1040034200
What is -1323321221 (base 4) in base 11?
-317321
What is 100101011101101011101000 (base 2) in base 7?
146322242
What is -115a7 (base 15) in base 9?
-83744
What is 243555222 (base 6) in base 5?
2143243340
-11011000000011010110010 (base 2) to base 4
-123000122302
Convert 6220a (base 16) to base 10.
401930
What is -4120734 (base 8) in base 14?
-205340
17a1595 (base 11) to base 10
3047368
What is -22121102031 (base 4) in base 6?
-134223433
cc71a (base 13) to base 4
1122121332
Convert -4928a (base 15) to base 10.
-233455
-533678 (base 9) to base 13
-b1794
What is 73a38 (base 13) in base 8?
626577
What is -231451045 (base 6) in base 15?
-5992d5
What is 32111223331 (base 4) in base 10?
3758845
Convert -cc450b (base 15) to base 10.
-9734636
aab0a (base 13) to base 5
34400244
What is d2312 (base 14) in base 7?
4203522
-cb020 (base 14) to base 4
-1313323010
-30002111103 (base 4) to base 3
-12221022020100
-6201515 (base 10) to base 5
-3041422030
What is 301013042 (base 5) in base 8?
4421252
What is -30013130 (base 4) in base 2?
-1100000111011100
Convert -44340201 (base 5) to base 16.
-5e76e
What is -10001111110010001101 (base 2) in base 3?
-1002220212122
-288546 (base 9) to base 5
-21124430
What is b373 (base 14) in base 15?
9233
-3c39 (base 13) to base 16
-21db
101110011111001101001 (base 2) to base 12
615661
Convert -13023164 (base 7) to base 13.
-325271
-652547 (base 9) to base 3
-201202121121
Convert 1577ba (base 16) to base 7.
14646524
What is -40431 (base 5) in base 13?
-1263
263157 (base 11) to base 13
116659
Convert 35211 (base 7) to base 9.
13336
Convert -12737376 (base 8) to base 13.
-794c20
What is -4629a8 (base 12) in base 10?
-1124624
What is 1760b3 (base 14) in base 10?
823357
What is 1000100001110101010 (base 2) in base 6?
5553454
What is 8044c (base 14) in base 2?
1001011001111010100
What is 1211112211 (base 3) in base 16?
8d19
What is 10162688 (base 9) in base 13?
101c9ba
Convert -301331003 (base 4) to base 2.
-110001111101000011
-991b3 (base 13) to base 14
-72dd7
42420320 (base 5) to base 3
200011111220
4066a0 (base 14) to base 7
24302560
What is 72032146 (base 8) in base 3?
1001122010211222
69a18 (base 16) to base 13
121c1b
2132105 (base 6) to base 3
12100122112
What is -61033 (base 11) in base 5?
-10323323
Convert 11431300233 (base 5) to base 3.
221110221100011
What is -51111413 (base 6) in base 10?
-1455777
What is 1a0b90 (base 15) in base 11?
796931
Convert 241011423 (base 5) to base 14.
20c86a
Convert -3354105 (base 8) to base 12.
-3790b1
What is -4462041 (base 11) in base 5?
-4000233001
What is -404140011 (base 5) in base 6?
-54541115
Convert 1ba9092 (base 12) to base 4.
112223230232
What is -89d2b (base 16) in base 15?
-b23ed
What is -53541103 (base 6) in base 5?
-401141332
What is -330720 (base 8) in base 10?
-111056
Convert -63656064 (base 7) to base 14.
-a0b3a4
33106332 (base 7) to base 2
1010110101111111110011
Convert -2582023 (base 9) to base 3.
-2122202000210
-1043431 (base 5) to base 7
-105163
What is -1d3a1 (base 15) in base 2?
-10111010001011110
Convert 4816449 (base 10) to base 6.
251122213
1101101011000 (base 2) to base 8
15530
Convert -d49d8 (base 16) to base 12.
-35bb88
-113302 (base 5) to base 14
-1762
-11022210222 (base 3) to base 10
-85157
What is -10002011200001 (base 3) in base 12?
-66b484
What is -6c8a5 (base 13) in base 11?
-126747
Convert 10121102 (base 5) to base 2.
10100001011011100
What is 58883 (base 11) in base 5?
10204122
-9936871 (base 10) to base 11
-567779a
1026342 (base 12) to base 5
1234211211
Convert -7436127 (base 8) to base 4.
-13203301113
-172462 (base 12) to base 14
-a5110
What is 1297058 (base 11) in base 4?
20201212330
What is 160529a (base 11) in base 13?
7514b1
Convert -10212021101201 (base 3) to base 5.
-1011134144
Convert -40473 (base 10) to base 6.
-511213
-24141203 (base 5) to base 13
-7b294
What is 2200214200 (base 5) in base 8?
21721615
-334527 (base 8) to base 3
-12201222120
What is -20466003 (base 7) in base 8?
-6464335
What is 14322717 (base 8) in base 11?
192261a
-180872 (base 16) to base 3
-2222000112022
What is -68618a7 (base 11) in base 4?
-231303221210
Convert -232245323 (base 6) to base 4.
-100131102303
213367 (base 9) to base 13
45b4a
Convert 1037242 (base 8) to base 12.
114b96
What is -11011110100001000101 (base 2) in base 15?
-1300be
What is -3303231203 (base 4) in base 8?
-3635543
What is -224343243 (base 5) in base 14?
-1c4ccb
What is 446037 (base 10) in base 5?
103233122
-10111101000101100110 (base 2) to base 15
-104737
1331013 (base 9) to base 3
1101001000110
Convert 110211122 (base 4) to base 12.
40962
Convert 3802455 (base 13) to base 2.
1000010100101101100100111
What is 85913a (base 11) in base 12?
562bb8
What is 4395281 (base 10) in base 5?
2111122111
What is -11000001101100111101100 (base 2) in base 11?
-3645862
20012000 (base 4) to base 7
165440
-23730404 (base 9) to base 15
-104022a
What is -10100021222 (base 3) in base 12?
-32115
302635 (base 13) to base 2
100010001010001100011
a52982 (base 15) to base 3
112210010002112
Convert 107576 (base 8) to base 4.
20331332
What is 26b5 (base 13) in base 6?
41420
What is 4050461 (base 7) in base 10?
482840
What is 54114 (base 12) in base 8?
330240
-11730a7 (base 11) to base 8
-7616651
What is -1213515451 (base 6) in base 15?
-134800d
1011110110111011 (base 2) to base 12
24137
101342013 (base 5) to base 14
ac687
Convert -340794 (base 14) to base 12.
-713626
Convert 122025122 (base 7) to base 16.
74c987
What is 313755 (base 11) in base 7?
4162403
Convert 1428131 (base 9) to base 12.
31b324
What is 101010011101100101000 (base 2) in base 11?
87041a
What is 1552306 (base 8) in base 5?
103311221
Convert 1012200201122 (base 3) to base 9.
1180648
What is -c02bc1 (base 15) in base 9?
-18142811
What is 101010001100011001 (base 2) in base 7?
1316602
Convert 6254689 (base 10) to base 11.
3592271
-243976 (base 12) to base 6
-20330230
What is -1423404011 (base 5) in base 9?
-7017005
10141332 (base 5) to base 2
10100011